- 11*z(b). Determine a(-26).
5
Let n = 7 - 33. Let j(p) = -p**3 - 11*p**2 + 37*p + 123. Let o be j(-13). Let r = o - n. Let f(b) = b**3 - 6*b**2 - 2. Give f(r).
-2
Let v(l) = 323 - 393 + 0*l - l + 3*l. What is v(30)?
-10
Let r(h) = h - 3*h + 95 + 5*h + 2*h. Calculate r(-19).
0
Suppose -4*u = 4*f - f + 26, -5*u = -3*f + 19. Let i(m) = -2699298*m - 6 + 7 + m**2 + 2699303*m. What is i(u)?
1
Let x(m) = -19*m**2 + 153*m + 1 - 52*m - 51*m - 51*m. Let q(k) = -2*k**3 + 24*k**2 - k + 13. Let b be q(12). Calculate x(b).
-19
Let a(c) = c**3 - c**2 - c - 1. Let x = -2 - -1. Let r(g) = -5*g**3 - 2*g**2 + 3*g + 8. Let f(n) = x*r(n) - 4*a(n). Let p = -616123 - -616117. Determine f(p).
-10
Let w(l) = -14*l**3 - 53*l**2 - 38*l + 112. Let i(y) = -11*y**3 - 40*y**2 - 28*y + 84. Let o(q) = 9*i(q) - 7*w(q). Determine o(12).
-4
Suppose 33*a - 29*a + 44 = 2*j, -40 = -2*j + 5*a. Let c(q) = -q**2 + 28*q + 54. Calculate c(j).
-6
Let t(d) = -d**3 + 31*d**2 - 8*d**2 + 21 + 6*d + 32 - 39 - 25*d. Calculate t(22).
80
Let r(s) be the second derivative of s**3 + 9*s**2 - 3*s + 245. What is r(10)?
78
Let q(z) = z**2 - 10*z + 11. Let n(m) = m**2 + 2*m + 9. Let i = -31 - -44. Suppose 5*v + 5*x + i = -12, -v - 3*x - 15 = 0. Let u be n(v). Give q(u).
2
Let f(a) = -a**2 + 11*a - 27. Let r(o) = -94*o - 1312. Let u be r(-14). What is f(u)?
1
Let n = 3839 + -3831. Let a(j) = -j**2 + 4*j + 6. Determine a(n).
-26
Let o(u) be the first derivative of -u**3 - 43*u**2/2 - 4*u - 1713. Determine o(-14).
10
Let m(p) = 12*p + 103. Let x be m(19). Let u = 341 - x. Let b(c) = -c**3 + 11*c**2 - 7*c - 11. Calculate b(u).
19
Let a(f) = 6 + 4 - 5 - 2 + 5 + 5199*f**2 - 5200*f**2 - 5*f. Suppose -2*m - 13 = -3*m + 5*z, 20 = -5*z. What is a(m)?
-6
Let y(z) = -z**2 - 8*z - 9. Let q be (-1 - (-9)/(-135)*-21)*-5. Calculate y(q).
3
Let a(p) = -29 + p**3 + p - 22349*p**2 + 22349*p**2. Let d be (-6)/15 - (-2)/5. Calculate a(d).
-29
Let f(r) be the first derivative of -r**4/4 + r**3/3 + 9*r**2/2 + 3*r - 28. Let g be f(-4). Let x = -49 + g. Let v(z) = 3*z**3 + 2*z**2 + 3*z + 2. Give v(x).
-20
Let h be (9/5)/(5145/(-300) + 17). Let z(j) = j**2 + 7*j - 57. Calculate z(h).
3
Suppose 25*n = -26*n - 146 + 140 - 147. Let d(i) be the third derivative of -i**2 - 1/8*i**4 + 0*i - 1/12*i**5 - 1/60*i**6 + 0 - 2/3*i**3. What is d(n)?
14
Let x(p) = -9*p**2 - 23*p + 23. Let o(c) = -2*c**2 - 6*c. Let u(g) = 4*o(g) - x(g). Determine u(6).
7
Let y(q) = 2*q**2 - 45*q + 104. Let b be y(20). Let p(d) = 4*d + 1 - 6*d**2 + d**3 + 0*d**3 + 0. Calculate p(b).
-15
Suppose -2*u + 8 = 4*n, 8 = -6*u + 2*u. Let r(b) = -b**3 + 6*b**2 + 3*b - 26. Give r(n).
10
Let b(k) be the first derivative of k**4/4 + 10*k**3/3 - 15*k**2/2 + 22*k - 2328. Give b(-12).
-86
Let w(f) = -2*f**2 + 19*f - 40. Let a = -13 + 18. Let d be w(a). Let n(j) = -3*j + 16. Determine n(d).
1
Let m(h) be the second derivative of -h**5/20 + h**4/12 + 2*h**3/3 + h**2/2 - 25*h + 1. Let n(d) = d**3 + 39*d**2 + 4. Let k be n(-39). Calculate m(k).
-31
Suppose 0 = -3*p + 6*p + 2*q, 8*p + 3*q - q = 0. Let r(o) be the third derivative of o**4/24 + 3*o**3/2 + 2*o**2. Calculate r(p).
9
Let f(j) = j + 4. Let p(c) = -c + 138. Let q be p(9). Let g = -132 + q. Calculate f(g).
1
Let b(s) = -s**2 + 10*s - 13. Let g be 12/(312/13)*14. Give b(g).
8
Let p be 105*(-148)/(-13986) - 20/18. Let y(v) = -11*v**2 + 5*v + 42. Let n(a) = -4*a**2 + 2*a + 14. Let m(l) = 8*n(l) - 3*y(l). Give m(p).
-14
Let u = 287 + -285. Let c(i) = -12*i**u + i**3 + 4*i + 14 - 15 + 8*i**2. Calculate c(3).
2
Let x = 968 - 956. Let y(m) = x*m + 4*m + 2*m - 2 + 0*m - 25*m. Calculate y(-2).
12
Suppose -6*f - 4 = -23*r + 22*r, 3*r + 45 = -f. Let b(j) = 5*j + 19. What is b(r)?
-51
Let x(d) = 22*d + 56. Let t be x(14). Let w(n) = 363*n + 2 + 1 - t*n. Let q(g) = -3*g - 3. Let z be q(-3). Give w(z).
-3
Suppose -4*u = -2*u + 12. Let y(z) be the first derivative of z**4/4 + 5*z**3/3 - 5*z**2/2 + 8*z + 75608. Calculate y(u).
2
Suppose -3 = -8*c - 3. Suppose c*h - 4*h = 28. Let m(b) = b**3 + 6*b**2 - 8*b - 10. What is m(h)?
-3
Let p be 3/(155/525 - (-12)/90). Suppose -p*l - 56 + 49 = 0. Let x(t) be the first derivative of -5*t**3/3 - t - 1. Give x(l).
-6
Let t(a) = 199*a + 899. Let f(j) = 37*j + 180. Let o(h) = -11*f(h) + 2*t(h). Determine o(-20).
-2
Let q(g) = -2*g**3 - 38*g**2 - 4*g - 79. Let l be q(-19). Suppose 4*p - 5*v + 4 = -6, -5*p = -v + 2. Let c(r) = 0 + 0*r + 3*r + p + 4. Determine c(l).
-5
Let h(t) = t**2 - 20*t + 36. Let i be h(19). Let s(g) = 6*g - i*g**3 + 3 + 10*g**2 - 7*g**2 + 18*g**3 + 4*g**2. Give s(-6).
3
Let y = 6562 - 6566. Let a(c) = -2*c**2 - 7*c + 2. What is a(y)?
-2
Let r(w) = 2*w**2 - 10*w. Suppose -2*h = 4*x - 34, h - 59*x = -60*x + 11. Determine r(h).
0
Let s = 1042 + -1042. Let g(t) be the second derivative of t**5/20 + t**4/12 + t**3/6 - t**2/2 + 4*t. Calculate g(s).
-1
Let a(g) = -6*g**2 + 234*g + 495. Let v be a(41). Let t(q) = -2 + q**2 - 2 + 0 - q. Determine t(v).
2
Let d(r) = -r**3 + 2*r + 1. Let c(v) = 8*v**3 - 21*v**2 + 6*v - 5. Let a(l) = c(l) + 7*d(l). Determine a(20).
2
Suppose -17*u + 22*u = -a + 104, -6*u + 108 = 4*a. Let z be 1/(-3)*39*-1. Let n = z - u. Let j(f) = f**2 + 7*f - 13. Determine j(n).
5
Suppose 2*b = -2*q + 10, -2*q - 14 = -0*b - 4*b. Let f(i) = i**2 + 8*i + 6. Let w(n) = n**2 + 9*n + 7. Let a(k) = b*f(k) - 3*w(k). Determine a(-1).
-1
Suppose 2*a - 15 + 1 = -p, 0 = -2*a + 10. Let z(h) = 1 + 0 + 10 - 8 + p*h. Determine z(-3).
-9
Let q(p) be the first derivative of p**3 - 6*p - 3019. What is q(0)?
-6
Let k be 4 - ((-95)/(-40) + -1*(-12)/(-32)). Let w(c) = -2*c**3 + 2*c**2 - c + 4. Calculate w(k).
-6
Let r be 15/((-15)/(-14))*1/((-4)/2). Let d(t) = 4*t + 35. Calculate d(r).
7
Let s(t) be the first derivative of t**3/3 - t**2/2 - 23*t - 1232. Calculate s(0).
-23
Suppose 0 = 4*h + 3*q + 28, -q - 44 = 4*h - 16. Let s(c) = -c**3 - 8*c**2 - 8*c + 3. Give s(h).
10
Suppose -3*v + 8*v - 5*g - 190 = 0, 0 = -3*v - 2*g + 79. Let r(l) = l**3 - 31*l**2 - 2*l + 33. Give r(v).
-29
Suppose -5*o - 3*p + 32 = 0, 5*o + 2*p - 151 = -123. Let m(r) = 2*r**3 - 5*r**2 - 10*r - 2. Determine m(o).
6
Suppose -641*j + 807*j = -498. Let f(a) = -a**3 - 3*a**2 - 5*a + 1. Give f(j).
16
Let b(i) = -i**3 + 14*i**2 + 52*i. Let t be 13*62/3627 + (-302)/(-18). Determine b(t).
17
Suppose -174 = 6*n - 192. Let q(w) = -n - 9*w**2 + 3*w + 12*w**2 + 4*w**2. Give q(2).
31
Let q be ((-2)/(-3))/((-4)/(-12)). Let c(y) = y + 9 - 16021*y**2 + 16020*y**2 - 4*y - 3. Determine c(q).
-4
Suppose -76 + 40 = 12*h. Let k(p) = p**3 + 3*p**2 - 9*p - 16. Give k(h).
11
Suppose -r + 3 = -4*r. Suppose -256 = -4*q - 5*m, -q - m - 73 = -2*q. Let c(g) = 13 + 64*g**2 + g - 7 - q*g**2 - 5. Give c(r).
-5
Let w be 92/(-6) + ((-416)/(-12))/(-13). Let q(a) = -a**3 - 21*a**2 - 55*a - 23. Give q(w).
-5
Let a(l) = -24*l + 243. Let t be a(10). Let c(y) = t*y**2 - 2*y**2 + 684 - y**3 - 686. Calculate c(0).
-2
Let z(f) be the third derivative of -f**6/120 - 2*f**5/15 + f**4/3 - 3*f**3/2 + 52*f**2 - 2*f. Let x be z(-9). Let c(b) = -b - 13. Give c(x).
-13
Let x(p) = -4*p**2 - 6*p + p + 3*p**2 + p. Let q(c) = -7*c**3 + 2*c. Let k be q(-1). Let n be -7 + (-4 - -1) + k. Calculate x(n).
-5
Let f(n) = 2*n + 22. Let y be f(-5). Suppose -45 = -y*o + 7*o. Suppose -o*q + 6*q + 9 = 0. Let r(g) = -g**2 - g + 2. Determine r(q).
-10
Let i(w) be the first derivative of -w**5/20 + 5*w**4/4 - 13*w**3/3 + w**2/2 + 250*w + 233. Let r(s) be the first derivative of i(s). Determine r(13).
1
Let d(h) = -h**2 - 13*h + 7. Let g(m) = -m. Let t = 110 + -104. Let v(y) = t*g(y) - d(y). Determine v(-6).
-13
Let z(o) = -2*o**2 + o + 2. Let j(c) = -c**3 + c**2 + 6*c. Let t be j(5). Let b = 72 + t. Let d be (-1 + b)/((-11)/22). Determine z(d).
-8
Let c(p) = 6*p + 2*p**3 + 3*p**2 + 5*p**2 - p**3 - 2. Suppose 0 = 5*w - 39 + 14. Suppose w*b + 30 = -5*a, -a - b - 8 = -2*b. Determine c(a).
5
Let p(m) = -2*m + 2. Let v be p(6). Let j(b) be the second derivative of -b**5/20 - 11*b**4/12 - 2*b**3 - 6*b**2 + 5*b - 255. What is j(v)?
8
Let p(n) = -161*n + 374*n - 3 - 1 - 217*n. Give p(-4).
12
Suppose x + 1 + 0 = 3*a, 4 = -2*a + 3*x. Let v be (3 - (a + -1))*-1 - -4. Let n(t) = t - 1. What is n(v)?
0
Suppose -5*i + y - 2*y = -100, 4*y = 5*i - 100. Let p(n) = -n**2 + i*n + 14*n - 42*n - 2 + 0. Supp